- z**5/10 - 2*z**2. Let x(i) be the third derivative of c(i). What is x(3)?
-8
Suppose 0 = d - 4*t - 5 - 14, 2*d + t - 2 = 0. Let l(s) = -2*s + 4*s - d*s - 2. What is l(-2)?
0
Let b be 12/(-21)*(-49)/(-14). Let m(o) = o**3 + o**2 - 2. What is m(b)?
-6
Let t(r) = 27 - 5 + 5*r - 17 - 12 + r**2. Let k(d) = -d**3 - 4*d**2 + 5*d - 6. Let b be k(-5). Determine t(b).
-1
Let w(b) = -b - 19. Let d(k) = 2*k + 18. Let y(s) = -3*d(s) - 4*w(s). What is y(13)?
-4
Let t(b) = -5*b - 23. Let z be t(-5). Let q(x) = -5*x + 2. What is q(z)?
-8
Let o(j) be the third derivative of -j**5/60 + 5*j**4/24 + j**3 - j**2 - 111. What is o(6)?
0
Let u(a) = a**3 + 5*a**2 + 3*a + 5. Let j be (-2 + 28/(-21))/(2/(-3)). Suppose 0 = -2*i - j*w + 10, 3*i + 3*w + 8 = -i. Determine u(i).
-10
Let f be ((-64)/80)/(2/(-5)). Let g(t) = t**3 - 4*t**f + 9*t - t**2 - 3*t - 5. Let i(r) = r**2 - 3*r. Let d be i(4). Determine g(d).
3
Let o = 174 - 183. Let z(l) = 2*l + 10. Give z(o).
-8
Let k(b) = -5*b**3 - 7*b**2 + 17*b + 17. Let h(o) = -2*o**3 - 2*o**2 + 9*o + 8. Let i(s) = 7*h(s) - 3*k(s). What is i(-5)?
-5
Let z(v) = 171*v + 181*v - 12 - 526*v + 173*v. Give z(-6).
-6
Suppose -2*b = 2*k - 4, 4*b + 2*k - 8 = -2. Let f(x) = -12*x**2 + x - 1. Give f(b).
-12
Let i(s) = -5*s**2 - 1. Let g = -95 + 94. Determine i(g).
-6
Let f = 6 - 3. Let r(y) = 3 + 7*y**2 - 2*y**f + 1 - 4*y + y**3. Let a be 9 + 24/6 + -7. Calculate r(a).
16
Let n(b) be the third derivative of 1/10*b**5 + b**2 + 5/6*b**3 - 1/120*b**6 + 0*b - 7/24*b**4 + 0. Calculate n(5).
-5
Let t(h) be the second derivative of 0*h**3 - 1/12*h**4 + 2*h**2 + 0 - 19*h. Determine t(-3).
-5
Let i(b) = -8*b + 6. Let q(k) = -3*k + 2. Suppose -3*j - 1 = -4*j. Let c be (j*-16)/4 - 0. Let v(g) = c*i(g) + 11*q(g). Determine v(4).
-6
Let g(x) = 8*x**2 - 5*x + 9. Let k(f) = -f + 2. Let s(w) = -g(w) + 3*k(w). Give s(2).
-31
Let b(p) = p**3 - 5 + 6*p**2 - 8 + 19 - 2 + 7*p. Determine b(-4).
8
Let y(v) = -13*v**3. Let z = -722 + 723. What is y(z)?
-13
Let z(i) = 6 - 1 - 9*i + 10*i + 3*i**2 + 48*i**3 - 4 - 49*i**3. What is z(4)?
-11
Let d be -14 + (-5 - -27) - (-1 - -7). Let u(p) = 11*p - 14. Determine u(d).
8
Let f(z) = -z + 7. Suppose 2*m - 5 = 5. Let o be 0/((-3)/(-1) - m). Suppose b - 4*b = o. Determine f(b).
7
Let m(q) = 21*q + 0 - 20*q - 10 - 3. Give m(10).
-3
Let r(t) = -t**3 + 7*t**2 - 4*t - 8. Let o(u) = -u**3 + 7*u**2 - 4*u - 7. Let z(b) = 4*o(b) - 3*r(b). Let c = 177 - 171. Calculate z(c).
8
Suppose -p + 2 = 0, 15*z + 4*p = 20*z - 7. Let j(t) = -t**2 + t + 1. What is j(z)?
-5
Suppose -4*m = -0 + 20. Let n(s) = -2*s**2 - 6*s - 11. Give n(m).
-31
Let g(w) = w**3 + 3*w + 3. Let v be 6/(-60) + (3 - 49/10). Give g(v).
-11
Let w(t) = 2*t + 4. Let r = 9 - -5. Suppose 2*p = 2*c - 4, 5*p = -c - r - 2. Let s be 0 - (0 + 0 - p). Calculate w(s).
-2
Let t = 11 + -7. Suppose 3 - 27 = -t*z. Suppose 2*u + z = 16, 0 = -4*d - u - 15. Let j(r) = r**2 + 6*r + 2. Give j(d).
-3
Let d(s) = -8*s + 3*s**2 - 5*s**2 - 4 - s**2. Let z(f) = 9*f**2 + 23*f + 11. Let q(p) = -17*d(p) - 6*z(p). Calculate q(-2).
-6
Let n = -3 - -2. Let d(q) = -q**3 + 2*q**2 + 10. Suppose 4*m + 22 = r + 4, -6 = 5*r + 4*m. Let s(y) = -y**3 + y**2 + 1. Let k(g) = n*d(g) + r*s(g). Give k(0).
-8
Suppose a = 5 - 2. Let r(q) = 1 + q**2 - 5*q + 4*q - q**a + 3*q. Let z(g) = -g**3 - 5*g**2 + 8*g + 14. Let i be z(-6). Determine r(i).
1
Let a(w) = 18*w - 5*w**2 + 12 - 29*w + 2*w**2 + 4*w**2. What is a(8)?
-12
Let n = 2755/6 - 459. Let w(x) be the third derivative of -1/6*x**4 + 0 + n*x**3 + 3*x**2 - 1/60*x**5 + 0*x. Calculate w(-4).
1
Let i = -13 - -15. Let z(g) = -6*g + 1. What is z(i)?
-11
Let h = 16 - 10. Let n(v) = 7*v - 3. Let i(x) = -x**2 + 14*x + 29. Let b be i(16). Let j(z) = 19*z - 8. Let q(a) = b*j(a) + 8*n(a). Calculate q(h).
-6
Let k(n) be the third derivative of -n**6/40 + 7*n**5/60 + n**4/12 - n**3/6 + 24*n**2. Let y(c) = c**3 + c - 1. Let x(d) = k(d) + 4*y(d). What is x(-6)?
-5
Suppose -8*a - 6 - 2 = 0. Let o(h) be the third derivative of -h**5/6 - h**4/12 - h**3/6 - 2*h**2. Determine o(a).
-9
Let c(b) = -852*b**3 + 6*b**2 + 1702*b**3 + 2 - 849*b**3. Let z(m) = m**2. Let x be z(1). Let o be 7/(-1) + x/1. Give c(o).
2
Let d = 11 + -10. Suppose 3 = 2*o - d. Let j(b) = -2*b**3 - 2*b**3 + 2 + o*b**2 + 5*b + 3*b**2 + 5*b**3. Calculate j(-3).
5
Suppose -r = -j - 8, -j - r + 4 = 2*r. Let g(m) = 5*m + 6. Let q(u) = -6*u - 6. Let t(v) = j*g(v) - 4*q(v). Give t(-7).
1
Let j(s) be the second derivative of -s**4/12 + s**3 + 21*s**2 - 833*s. What is j(10)?
2
Let s = 103 - 16. Let d = 108 - 62. Let k(z) = -1 + d*z + 42*z - s*z. Determine k(-6).
-7
Let m(c) = -2*c**2 + 9*c + 54. Let l be m(8). Let r(o) = 5*o**2 + 3*o. Let a(y) = y**2. Let f(b) = -3*a(b) + r(b). Calculate f(l).
2
Let x(u) = 70*u - 221. Let q be x(3). Let a(t) = -3*t - 20. Give a(q).
13
Let u(w) = 4*w - 2. Let q be (-16)/24 + (-8)/(-3). Suppose y - 9 = -q*y. Let v = 5 - y. Calculate u(v).
6
Let o = 2 + 3. Let f(p) = -7 - 36*p**3 + p**2 + 7*p - p**2 + 35*p**3 + 4*p**2 + 2. Give f(o).
5
Let h(k) = -k**2 - 7*k - 6. Suppose -3*a - 3 = -3*j, 0 = a - 0*a + 1. Suppose -q - 3*q - 24 = 0. Let l = j + q. Give h(l).
0
Let c(x) = 2*x + 14. Let p be c(-5). Suppose 4*q = -p*n - 32, -3*q + 1 = n + 15. Let g(u) = -u**3 - 4*u**2 + 4*u + 6. Calculate g(n).
11
Let l(j) = -8*j + 2*j**3 - 5*j**2 - 5*j**3 - 6 - 5*j**3 + 9*j**3 - 5*j**2. Calculate l(11).
27
Let q(f) = -8*f**3 + 3*f**2 + 2*f + 8. Let z(s) = 10*s**3 - 3*s**2 - 2*s - 9. Let p(k) = 6*q(k) + 5*z(k). What is p(-2)?
-5
Suppose -5*v - 9*r + 25 = -8*r, -5*v + r + 15 = 0. Let d(j) = j**3 - 4*j**2 + 3*j - 5. Calculate d(v).
7
Let k(a) = -a**3 + 3*a**2 - 3*a + 3. Let j = 23 - -54. Suppose -5*q + 189 = -4*c, -2*c = -2*q + c + j. Let b = q + -34. What is k(b)?
-6
Let q(k) = k - 10. Let n(b) = 17*b - 39. Let z(y) = -n(y) + 4*q(y). Give z(-1).
12
Let m(f) = -f**3 - 10*f**2 - 4*f + 3. Let q = 2369 + -2379. What is m(q)?
43
Suppose 5*x = 696 + 49. Let m(u) = 2*u + 75*u**2 + 7*u**3 + 76*u**2 - x*u**2 + 1. Determine m(-1).
-6
Let x = -184 - -172. Let a(h) = h**2 + 9*h + 4. Give a(x).
40
Let l(o) = -o**3 - 3*o**2 - 3*o - 5. Let f be l(-4). Let w = f - -1. Let y(i) = 8*i - 11 - 10 + w. Give y(-2).
-13
Let b be 8/(-40) + 324/20. Let g(r) = 16*r**2 - 47*r**2 + b*r**2 + 17*r**2 + 2*r. What is g(3)?
24
Let a(w) = -w**2 - 4*w - 3. Let z be a(-3). Let t(v) be the first derivative of -v**3/3 - v**2/2 + 4*v + 745. Determine t(z).
4
Let w(h) be the first derivative of -5*h**2/2 - h - 256. Let r(k) = -k**2 - 7*k - 7. Let n be r(-6). Give w(n).
4
Let c = -492 - -491. Let h(k) = 26*k - 1. Give h(c).
-27
Let v(c) = c + 3. Let t(l) = 20 - l + 0*l + 4*l + 2*l - l**2. Let a be t(8). Give v(a).
-1
Let n(j) be the second derivative of -j**4/12 - 3*j**3/2 + 7*j**2 + 2*j - 3. Calculate n(-10).
4
Let g(p) = -p**3 + 8*p**2 - 7*p + 2. Let o = -6 + 10. Suppose z = o + 3. Let q be g(z). Let w(d) = 2*d**3 - 2*d**2 - d - 1. What is w(q)?
5
Let t(f) = -5*f + 3. Let h(z) = -z - 4. Let y(g) = -2*g - 16. Let n be y(-5). Let i be h(n). Give t(i).
-7
Suppose 30 = 3*l + 3*l. Let g(b) = 4*b**3 - l*b**3 + 2 - 16*b + 17*b. Determine g(2).
-4
Let s(x) = 5*x**3 - x. Let z = 160 - 159. Determine s(z).
4
Let c(k) = 3868 - 6*k + 6*k**2 - 5*k**2 + 3858 - 7719. Determine c(5).
2
Let x(h) = 2*h**2 - 18*h - 4. Let j be x(9). Let g(k) = -k**3 - 2*k**2 - 3*k - 6. What is g(j)?
38
Suppose 2*y = -2*o - 6, -10 = -7*y + 9*y + 4*o. Let k(a) = -2*a + 2. Calculate k(y).
4
Suppose -74 = 2*h - 22. Let b = h - -22. Let o(s) = -s - 2. Let c(n) = -n - 2. Let i(a) = b*c(a) + 3*o(a). Determine i(-7).
-5
Let m = -5 + 5. Let v(b) = m*b + b - b + b. Suppose 2*f + 2*a + 4 - 6 = 0, 5*a = -25. What is v(f)?
6
Let a(p) = -p**3 + 11*p**2 - 40*p + 191. Let d be a(9). Let m(g) = g**2 + 7*g + 3. Determine m(d).
3
Let z(t) = -2*t**2 + 3*t. Suppose -5 + 2 = -w. Suppose w*b - 3*h = 15, -2*h - 7 = b - 0*h. Let j = b - -2. What is z(j)?
-9
Let j be (13 - (-640)/(-50))*-5. Let b(v) be the third derivative of 4*v**5/15 + v**4/24 + v**3/6 + 2*v**2. What is b(j)?
16
Let j(l) = -l**2 + 10*l + 1. Let a(o) = -12*o + 58. Let v be a(4). Give j(v).
1
Suppose 3*w - 6 = 19*k - 24*k, w - 5*k - 2 = 0. Let d(v) = 1 + 0*v**2 - v**3 + 0*v**2. Give d(w).
-7
Let z(c) = -c**2 + 3*c - 1. Let k be (1 - -2) + (-5 - -3).